d by p.
9
Suppose 0 = i + 7 - 0. Let y(s) be the second derivative of -s**5/20 - s**4/2 + 5*s**3/6 - 5*s**2/2 - 2*s. Calculate the remainder when 17 is divided by y(i).
8
Let m(r) = r**3 + 2*r**2 - 9*r - 1. What is the remainder when 4 is divided by m(-4)?
1
Let q(a) = a**3 - 13*a**2 + 14*a - 5. Let b(s) = -4*s - 3. Calculate the remainder when q(12) is divided by b(-2).
4
Let s(h) = 2*h**2. Let c be s(1). Calculate the remainder when (9 + -10)*-1*c is divided by 2.
0
Let n(t) = -t + 3. Let o = 10 + -5. Suppose o*h + 46 - 11 = 0. What is the remainder when n(h) is divided by 6?
4
Let b be 3/(3/11) + 1. What is the remainder when 16 is divided by b*1*(-1)/(-2)?
4
Suppose 2*u - 10 = 0, 8*l + u - 90 = 3*l. Calculate the remainder when l is divided by 7.
3
Let b = 8 + -5. Suppose -b*m = -m - 20. What is the remainder when 2/(-2 - -3)*m is divided by 7?
6
Let t be (4 - -2)*(-3)/2. Let u be ((-12)/t)/((-4)/66). Calculate the remainder when 13 is divided by 2*(u/(-4) - 2).
6
Let f = -11 + 9. Calculate the remainder when 62 is divided by -6*1*7/f.
20
Suppose -2*l - 2*u - 4 = 2, 0 = -5*l + 2*u - 15. Let y be 2*l/(-6) + 0. What is the remainder when 29 is divided by 16 - (1 - 0)/y?
14
Suppose 2*g - 32 = -2*g. Let i = 14 - g. Suppose 2*c = i*c - 116. What is the remainder when c is divided by 15?
14
Let j = 97 - -16. Calculate the remainder when j is divided by 38.
37
Suppose 0*s - 3*s = -90. Suppose u - 12 = -j, -3*j - 4*u + 20 = -17. What is the remainder when s is divided by j?
8
Suppose 2*a - 3*f = 13, 5*a + 4*f = -18 - 7. Suppose -6 - 50 = -2*k. What is the remainder when k is divided by (-25)/(-5)*(2 - a)?
13
Let v(o) = -3*o**3 + 2*o**3 + 15 + 0*o**2 + 2*o**2 - 11*o**2 + 10*o. Calculate the remainder when v(-10) is divided by 9.
6
Let d be (4/5)/((-6)/15). Let h be (3/3)/(d/(-10)). Suppose -4*o = 0, h*s + 3*o = 4*o + 20. What is the remainder when 10 is divided by s?
2
Suppose 8*s - 4*s = 4*q - 4, -4*q = -2*s - 12. Suppose -2*g + 6 = 0, 3*w - 4*g - 1 + 4 = 0. What is the remainder when q is divided by w?
2
Suppose -5*x = -0*x + 20. Let i = 8 + x. Calculate the remainder when i is divided by 1.
0
Suppose 0 = 3*s - 14 - 22. Let m = s + -6. Calculate the remainder when 3*-14*(-4)/m is divided by 10.
8
Suppose -8*j = -5*j - 9. Let z = 10 - j. Calculate the remainder when 18 is divided by z.
4
Suppose -5*k + 25 + 5 = 0. Calculate the remainder when 8 is divided by k.
2
Let g = 42 - 24. Let s be 4/10 - g/(-5). Suppose -3*v = 4*x - 57, 4*x - s*v + 2*v - 42 = 0. Calculate the remainder when x is divided by 7.
5
Suppose 123*z - 121*z - 68 = 0. What is the remainder when 99 is divided by z?
31
What is the remainder when 40 is divided by 2/(-1 - -2) + 12?
12
Let a(v) = v**3 + 12*v**2 - 15*v + 5. Suppose 15 = -u - 2*j, -7*u + 2*u - 5*j = 70. Calculate the remainder when a(u) is divided by 8.
7
Let g(t) = 2*t**2 + 4*t + 12. Calculate the remainder when 161 is divided by g(-5).
35
Calculate the remainder when (-35)/(-2) - (-3)/6 is divided by 10.
8
Suppose 6*x = x + 5, 6 = v - 5*x. What is the remainder when 25 is divided by v?
3
Suppose -5*a + 4 = -6. Suppose 5 = -4*l - 3*c, 4*l = 8*l + 2*c + a. What is the remainder when 3 is divided by l?
0
Suppose -4*i + 28 = j, -2*j + 25 = -j + i. Calculate the remainder when j is divided by 9.
6
Suppose -222 = -4*c - 82. Suppose x + 3*a = c, -a = x - 16 - 13. Let t = 16 - 7. What is the remainder when x is divided by t?
8
Let i(l) = l**3 - 10*l**2 - 6*l - 11. What is the remainder when i(11) is divided by 24?
20
Let k(w) = 2*w**2 - 2*w - 1. Calculate the remainder when k(-3) is divided by 12.
11
Suppose 0 = 13*r - 1923 + 259. Calculate the remainder when r is divided by 26.
24
Suppose 4*s + 8 = 5*s. Calculate the remainder when 31 is divided by s.
7
Let x(q) = q**3 + 9*q**2 - 11*q + 7. Let b = 18 + -28. What is the remainder when 84 is divided by x(b)?
16
What is the remainder when 119 is divided by (-1 - -1 - 31)/((-30)/30)?
26
Let i(s) = 9*s**2 - 2*s + 1. Calculate the remainder when i(1) is divided by 3.
2
Let z(n) = 7*n**2 - 39*n - 3. Suppose 0*l - 4*l = -168. Calculate the remainder when l is divided by z(6).
12
Suppose 31*h = 32*h - 35. Calculate the remainder when h is divided by 9.
8
Let z be (-2 - 3)/(2/94). What is the remainder when 12 is divided by z/(-45) + 4/(-18)?
2
Let h(f) = -f + 6. Let d be (-1 - -1 - 0)/(-2). Calculate the remainder when (-96)/(-10) + (-9)/15 + 1 is divided by h(d).
4
Suppose 1 - 11 = -2*j. Suppose -j*x = -33 - 17. Calculate the remainder when 17 is divided by x.
7
Let r(f) = 2*f**2 - 2*f - 3. Let m be r(4). What is the remainder when (2 - 0)/(3/m) is divided by 5?
4
Suppose 0 = 5*h - 2*h - 6, l + 4*h = 12. Suppose 6*m = m - 25, 4*f + 4*m + 12 = 0. Calculate the remainder when l is divided by f.
0
Suppose 47 = -5*m - w, -3*w - 15 = m - 0*m. Calculate the remainder when 20 is divided by -1*(1 + 1 + m).
6
Suppose -5*s + 42 = -28. What is the remainder when s is divided by 6?
2
What is the remainder when (-3)/((-4)/(-1420)*15/(-2)) is divided by 48?
46
Suppose -39 = -q - 2*q. What is the remainder when q is divided by 5?
3
What is the remainder when -3*33*(-2)/9 is divided by 8?
6
Let j(k) = -k**2 - 12*k - 7. Calculate the remainder when 122 is divided by j(-8).
22
Suppose 4*j = 14 + 6. Suppose j*i - 32 = 4*h + 79, 4*i + 3*h = 64. What is the remainder when i is divided by -2*(1 - 9/2)?
5
Let z = -98 + 134. Calculate the remainder when 214 is divided by z.
34
Suppose 2*k - 66 + 20 = 0. Suppose -2*v - 5*n = -1, -v - 38 = -2*v + 5*n. Calculate the remainder when k is divided by v.
10
Let n(c) = c**3 + 13*c**2 + 13*c + 17. Let a be n(-12). Suppose 3*p + 1 + a = 5*h, 2*h = -3*p + 15. Calculate the remainder when 11 is divided by h.
2
Suppose -4*q - 16 = 0, 2*l + 0*q = -3*q - 2. Calculate the remainder when 17 is divided by l.
2
Suppose 6*p - p = 110. What is the remainder when p is divided by 6?
4
Let n be 25/9 + 6/27. Suppose -2*k = -a - 42, 3*a = k - n*k + 26. Calculate the remainder when k is divided by 7.
5
Let d(t) = -4*t - 8. Calculate the remainder when d(-10) is divided by 7.
4
Suppose 225 = -0*k + 5*k. What is the remainder when k is divided by 24?
21
Let j = 21 + 20. Let m = j - 30. Let a = 121 + -80. What is the remainder when a is divided by m?
8
Let g be 10 + (1 - 4) + -3. Suppose g*f + 8*l = 3*l + 66, -4 = -f + 5*l. Calculate the remainder when 26 is divided by f.
12
Suppose 0 = -4*j - 2*j + 78. What is the remainder when j is divided by 3?
1
Suppose 11 = 10*g - 359. Calculate the remainder when 107 is divided by g.
33
Let u(z) = 10*z + 17. What is the remainder when u(11) is divided by 13?
10
Suppose 134 = 4*u - 50. What is the remainder when 181 is divided by u?
43
Let r = 1 - -2. What is the remainder when 5 is divided by r?
2
Suppose 63 = 3*v - 3*w, -2*w - w = 3. Calculate the remainder when 57 is divided by v.
17
Suppose 0 = 2*x - 54 - 28. What is the remainder when x is divided by 11?
8
Suppose -5*f + 496 = 4*k, -4*f - 2*k = f - 488. What is the remainder when f is divided by 14?
12
Suppose 5*f - 2*f - 2 = -q, 2*q - 13 = -3*f. Let j be 8*(0 - 1/(-2)). Suppose -63 = -j*k + k. What is the remainder when k is divided by q?
10
Let p be (-166)/2*(0 + -1). Suppose 2*n + m = 79, p = -2*n + 4*n + 5*m. Calculate the remainder when n is divided by 14.
11
Suppose -3*b + 0*m = -2*m - 158, -b = 2*m - 58. Suppose -6*p + b = -3*p. Suppose u = -u + p. What is the remainder when 16 is divided by u?
7
Let k = -12 - -20. Let r = -10 + k. Calculate the remainder when -2 + (r - 66)/(-2) is divided by 17.
15
Let x(g) be the third derivative of 7*g**6/40 - g**4/24 + g**2. Let w(h) = -h**3 + 8*h**2 + 7*h + 29. Calculate the remainder when x(1) is divided by w(9).
9
Suppose 13*v = 108 + 113. Calculate the remainder when 96 is divided by v.
11
Let w = 48 - 37. Calculate the remainder when w is divided by 3.
2
Let h be -10*(4/5 + -2). Suppose 2*b = h + 8. Let s = -37 - -65. What is the remainder when s is divided by b?
8
Let o(m) = -m**2 + 9*m - 7. Calculate the remainder when 32 is divided by o(6).
10
Suppose 2*q = q + k + 2, -6 = -3*q + 5*k. Suppose -4*d = 2*v - 16, -q = v - 4*d - 10. What is the remainder when 29 is divided by v?
5
Let u = 9 - 22. Let d = u + 21. Calculate the remainder when 1